{"id":173,"date":"2025-03-05T13:05:00","date_gmt":"2025-03-05T13:05:00","guid":{"rendered":"http:\/\/shammi"},"modified":"2025-04-04T12:30:16","modified_gmt":"2025-04-04T12:30:16","slug":"aline-correa","status":"publish","type":"product","link":"https:\/\/belabs.com.br\/?product=aline-correa","title":{"rendered":"Aline Corr\u00eaa Schwaderer"},"content":{"rendered":"<p><span data-sheets-root=\"1\">Formada em Rela\u00e7\u00f5es Internacionais pela UFG e p\u00f3s-graduada em ESG e Sustentabilidade Corporativa pela FGV, sou atualmente Coordenadora de Desenvolvimento de Neg\u00f3cios na Artemisia, onde lidero programas de inova\u00e7\u00e3o aberta e acelera\u00e7\u00e3o de neg\u00f3cios com impacto social e ambiental. Tamb\u00e9m atuo como mentora e facilitadora na Be.Labs, apoiando o fortalecimento de empreendedoras.<\/span><\/p>\n<p>Ao longo da minha trajet\u00f3ria, acumulei experi\u00eancia em desenvolvimento e investimento de neg\u00f3cios, com passagens por organiza\u00e7\u00f5es como Conexsus, BNDES Garagem e ACE Startups, contribuindo para o crescimento de neg\u00f3cios inovadores e sustent\u00e1veis. Tenho como prop\u00f3sito impulsionar iniciativas que gerem transforma\u00e7\u00e3o positiva na sociedade e no meio ambiente.<\/p>\n<p><a href=\"https:\/\/www.linkedin.com\/in\/aline-c-schwaderer-30283b120\/\">https:\/\/www.linkedin.com\/in\/aline-c-schwaderer-30283b120\/<\/a><\/p>\n","protected":false},"excerpt":{"rendered":"<p><strong>Especialidades:<\/strong> Capta\u00e7\u00e3o de recursos,\u00a0Constru\u00e7\u00e3o de metas e objetivos,\u00a0ESG,\u00a0Finan\u00e7as,\u00a0Gest\u00e3o de Pessoas,\u00a0Pitch,\u00a0Planejamento estrat\u00e9gico,\u00a0Plano de neg\u00f3cio,\u00a0Vendas,\u00a0Vendas B2B,Gerenciamento de projetos<br \/>\n<strong>Forma\u00e7\u00e3o:<\/strong> <span data-sheets-root=\"1\">P\u00f3s-gradua\u00e7\u00e3o\/ MBA\u00a0 \u00a0<\/span><\/p>\n<p><strong>Horas de mentorias:<\/strong> <span data-sheets-root=\"1\">+100 horas de mentoria<\/span><\/p>\n","protected":false},"featured_media":613,"comment_status":"open","ping_status":"closed","template":"","meta":[],"product_brand":[],"product_cat":[19],"product_tag":[31,32,33,26,29,30,25,28,27,34],"class_list":{"0":"post-173","1":"product","2":"type-product","3":"status-publish","4":"has-post-thumbnail","6":"product_cat-loja","7":"product_tag-captacao-de-recursos","8":"product_tag-construcao-de-metas-e-objetivos","9":"product_tag-esg","10":"product_tag-financas","11":"product_tag-gestao-de-pessoas","12":"product_tag-pitch","13":"product_tag-planejamento-estrategico","14":"product_tag-plano-de-negocio","15":"product_tag-vendas","16":"product_tag-vendas-b2b","18":"first","19":"instock","20":"downloadable","21":"virtual","22":"purchasable","23":"product-type-simple"},"_links":{"self":[{"href":"https:\/\/belabs.com.br\/index.php?rest_route=\/wp\/v2\/product\/173","targetHints":{"allow":["GET"]}}],"collection":[{"href":"https:\/\/belabs.com.br\/index.php?rest_route=\/wp\/v2\/product"}],"about":[{"href":"https:\/\/belabs.com.br\/index.php?rest_route=\/wp\/v2\/types\/product"}],"replies":[{"embeddable":true,"href":"https:\/\/belabs.com.br\/index.php?rest_route=%2Fwp%2Fv2%2Fcomments&post=173"}],"wp:featuredmedia":[{"embeddable":true,"href":"https:\/\/belabs.com.br\/index.php?rest_route=\/wp\/v2\/media\/613"}],"wp:attachment":[{"href":"https:\/\/belabs.com.br\/index.php?rest_route=%2Fwp%2Fv2%2Fmedia&parent=173"}],"wp:term":[{"taxonomy":"product_brand","embeddable":true,"href":"https:\/\/belabs.com.br\/index.php?rest_route=%2Fwp%2Fv2%2Fproduct_brand&post=173"},{"taxonomy":"product_cat","embeddable":true,"href":"https:\/\/belabs.com.br\/index.php?rest_route=%2Fwp%2Fv2%2Fproduct_cat&post=173"},{"taxonomy":"product_tag","embeddable":true,"href":"https:\/\/belabs.com.br\/index.php?rest_route=%2Fwp%2Fv2%2Fproduct_tag&post=173"}],"curies":[{"name":"wp","href":"https:\/\/api.w.org\/{rel}","templated":true}]}}

Aline Corrêa Schwaderer

<p><span data-sheets-root="1">Formada em Relações Internacionais pela UFG e pós-graduada em ESG e Sustentabilidade Corporativa pela FGV, sou atualmente Coordenadora de Desenvolvimento de Negócios na Artemisia, onde lidero programas de inovação aberta e aceleração de negócios com impacto social e ambiental. Também atuo como mentora e facilitadora na Be.Labs, apoiando o fortalecimento de empreendedoras.</span></p>
<p>Ao longo da minha trajetória, acumulei experiência em desenvolvimento e investimento de negócios, com passagens por organizações como Conexsus, BNDES Garagem e ACE Startups, contribuindo para o crescimento de negócios inovadores e sustentáveis. Tenho como propósito impulsionar iniciativas que gerem transformação positiva na sociedade e no meio ambiente.</p>
<p><a href="https://www.linkedin.com/in/aline-c-schwaderer-30283b120/">https://www.linkedin.com/in/aline-c-schwaderer-30283b120/</a></p>

<p><strong>Especialidades:</strong> Captação de recursos, Construção de metas e objetivos, ESG, Finanças, Gestão de Pessoas, Pitch, Planejamento estratégico, Plano de negócio, Vendas, Vendas B2B,Gerenciamento de projetos<br />
<strong>Formação:</strong> <span data-sheets-root="1">Pós-graduação/ MBA   </span></p>
<p><strong>Horas de mentorias:</strong> <span data-sheets-root="1">+100 horas de mentoria</span></p>
