{"id":176,"date":"2025-03-05T13:05:00","date_gmt":"2025-03-05T13:05:00","guid":{"rendered":"http:\/\/shammi"},"modified":"2025-04-04T12:31:22","modified_gmt":"2025-04-04T12:31:22","slug":"elza-rocha","status":"publish","type":"product","link":"https:\/\/belabs.com.br\/?product=elza-rocha","title":{"rendered":"Elza Rocha"},"content":{"rendered":"<p><span data-sheets-root=\"1\">Administradora, com P\u00f3s em RH e Qualidade. E Mestrado em Administra\u00e7\u00e3o.<br \/>\nEx executiva de RH, Professora<br \/>\nMentora, consultora e palestrante empresarial.<br \/>\nAtuou como cofounder do NIS Vem C\u00e1Mulher<br \/>\nEmpreendedora do NIS Senium Longevidade Saud\u00e1vel, que promove a maturidade inteligente das pessoas 45, 50+.<br \/>\nMentora da aceleradora de neg\u00f3cios femininos BE.LABS<br \/>\n\u00c1reas de atua\u00e7\u00e3o: longevidade, recursos humanos, estrat\u00e9gia, lideran\u00e7a, qualidade \/ processos, franquias e empreendedorismo feminino, e popular.<\/span><\/p>\n<p><a href=\"https:\/\/www.linkedin.com\/feed\/?trk=guest_homepage-basic_google-one-tap-submit\">https:\/\/www.linkedin.com\/feed\/?trk=guest_homepage-basic_google-one-tap-submit<\/a><\/p>\n","protected":false},"excerpt":{"rendered":"<p><strong>Especialidades:<\/strong> Autodesenvolvimento,\u00a0Gest\u00e3o de Pessoas,\u00a0Habilidades empreendedora,\u00a0Jornada do cliente,\u00a0Marca pessoal,\u00a0Marketing digital,\u00a0Pitch,\u00a0Plano de neg\u00f3cio,\u00a0Precifica\u00e7\u00e3o,\u00a0Vendas, Social Media<br \/>\n<strong>Forma\u00e7\u00e3o: <\/strong>P\u00f3s-gradua\u00e7\u00e3o\/ MBA<\/p>\n<p><strong>Horas de mentorias: <\/strong>300 hs<\/p>\n","protected":false},"featured_media":617,"comment_status":"open","ping_status":"closed","template":"","meta":[],"product_brand":[],"product_cat":[19],"product_tag":[47,29,46,39,44,37,30,28,45,27],"class_list":{"0":"post-176","1":"product","2":"type-product","3":"status-publish","4":"has-post-thumbnail","6":"product_cat-loja","7":"product_tag-autodesenvolvimento","8":"product_tag-gestao-de-pessoas","9":"product_tag-habilidades-empreendedora","10":"product_tag-jornada-do-cliente","11":"product_tag-marca-pessoal","12":"product_tag-marketing-digital","13":"product_tag-pitch","14":"product_tag-plano-de-negocio","15":"product_tag-precificacao","16":"product_tag-vendas","18":"first","19":"instock","20":"downloadable","21":"virtual","22":"purchasable","23":"product-type-simple"},"_links":{"self":[{"href":"https:\/\/belabs.com.br\/index.php?rest_route=\/wp\/v2\/product\/176","targetHints":{"allow":["GET"]}}],"collection":[{"href":"https:\/\/belabs.com.br\/index.php?rest_route=\/wp\/v2\/product"}],"about":[{"href":"https:\/\/belabs.com.br\/index.php?rest_route=\/wp\/v2\/types\/product"}],"replies":[{"embeddable":true,"href":"https:\/\/belabs.com.br\/index.php?rest_route=%2Fwp%2Fv2%2Fcomments&post=176"}],"wp:featuredmedia":[{"embeddable":true,"href":"https:\/\/belabs.com.br\/index.php?rest_route=\/wp\/v2\/media\/617"}],"wp:attachment":[{"href":"https:\/\/belabs.com.br\/index.php?rest_route=%2Fwp%2Fv2%2Fmedia&parent=176"}],"wp:term":[{"taxonomy":"product_brand","embeddable":true,"href":"https:\/\/belabs.com.br\/index.php?rest_route=%2Fwp%2Fv2%2Fproduct_brand&post=176"},{"taxonomy":"product_cat","embeddable":true,"href":"https:\/\/belabs.com.br\/index.php?rest_route=%2Fwp%2Fv2%2Fproduct_cat&post=176"},{"taxonomy":"product_tag","embeddable":true,"href":"https:\/\/belabs.com.br\/index.php?rest_route=%2Fwp%2Fv2%2Fproduct_tag&post=176"}],"curies":[{"name":"wp","href":"https:\/\/api.w.org\/{rel}","templated":true}]}}