{"id":454,"date":"2025-03-17T20:27:04","date_gmt":"2025-03-17T20:27:04","guid":{"rendered":"https:\/\/belabs.com.br\/?post_type=product&#038;p=454"},"modified":"2026-03-05T20:09:46","modified_gmt":"2026-03-05T20:09:46","slug":"stefany-silva","status":"publish","type":"product","link":"https:\/\/belabs.com.br\/?product=stefany-silva","title":{"rendered":"St\u00e9fany Silva da Cruz"},"content":{"rendered":"<p><strong>Crio conex\u00f5es que geram solu\u00e7\u00e3o! \ud83c\udfaf\u2728<br \/>\nAtuando h\u00e1 16 anos no com\u00e9rcio, minha experi\u00eancia \u00e9 voltada para gest\u00e3o comercial e marketing com foco em entender as principais necessidades dos clientes, lideran\u00e7a de equipes, planejamento estrat\u00e9gico de vendas direto no PDV, desenvolvimento de campanhas promocionais, alta capacidade de relacionamento e boa comunica\u00e7\u00e3o.<\/strong><\/p>\n<p><strong><a href=\"http:\/\/linkedin.com\/in\/stefany-cruz-46a8b2175\">http:\/\/linkedin.com\/in\/stefany-cruz-46a8b2175<\/a><\/strong><\/p>\n","protected":false},"excerpt":{"rendered":"<p><strong>Especialidades: <\/strong>Autodesenvolvimento,\u00a0Constru\u00e7\u00e3o de metas e objetivos,\u00a0Gest\u00e3o de Pessoas,\u00a0Gest\u00e3o de tempo,\u00a0Habilidades empreendedora, Planejamento estrat\u00e9gico,\u00a0Plano de neg\u00f3cio,\u00a0Vendas, Pitch<br \/>\n<strong>Forma\u00e7\u00e3o:\u00a0<\/strong><span data-sheets-root=\"1\">P\u00f3s-gradua\u00e7\u00e3o\/ MBA\u00a0\u00a0<\/span><\/p>\n<p><strong>Horas de mentorias:\u00a0<\/strong>+<span data-sheets-root=\"1\">300<\/span><\/p>\n","protected":false},"featured_media":601,"comment_status":"open","ping_status":"closed","template":"","meta":[],"product_brand":[],"product_cat":[19],"product_tag":[47,32,29,50,46,30,25,28,27],"class_list":{"0":"post-454","1":"product","2":"type-product","3":"status-publish","4":"has-post-thumbnail","6":"product_cat-loja","7":"product_tag-autodesenvolvimento","8":"product_tag-construcao-de-metas-e-objetivos","9":"product_tag-gestao-de-pessoas","10":"product_tag-gestao-de-tempo","11":"product_tag-habilidades-empreendedora","12":"product_tag-pitch","13":"product_tag-planejamento-estrategico","14":"product_tag-plano-de-negocio","15":"product_tag-vendas","17":"first","18":"instock","19":"downloadable","20":"virtual","21":"purchasable","22":"product-type-simple"},"_links":{"self":[{"href":"https:\/\/belabs.com.br\/index.php?rest_route=\/wp\/v2\/product\/454","targetHints":{"allow":["GET"]}}],"collection":[{"href":"https:\/\/belabs.com.br\/index.php?rest_route=\/wp\/v2\/product"}],"about":[{"href":"https:\/\/belabs.com.br\/index.php?rest_route=\/wp\/v2\/types\/product"}],"replies":[{"embeddable":true,"href":"https:\/\/belabs.com.br\/index.php?rest_route=%2Fwp%2Fv2%2Fcomments&post=454"}],"wp:featuredmedia":[{"embeddable":true,"href":"https:\/\/belabs.com.br\/index.php?rest_route=\/wp\/v2\/media\/601"}],"wp:attachment":[{"href":"https:\/\/belabs.com.br\/index.php?rest_route=%2Fwp%2Fv2%2Fmedia&parent=454"}],"wp:term":[{"taxonomy":"product_brand","embeddable":true,"href":"https:\/\/belabs.com.br\/index.php?rest_route=%2Fwp%2Fv2%2Fproduct_brand&post=454"},{"taxonomy":"product_cat","embeddable":true,"href":"https:\/\/belabs.com.br\/index.php?rest_route=%2Fwp%2Fv2%2Fproduct_cat&post=454"},{"taxonomy":"product_tag","embeddable":true,"href":"https:\/\/belabs.com.br\/index.php?rest_route=%2Fwp%2Fv2%2Fproduct_tag&post=454"}],"curies":[{"name":"wp","href":"https:\/\/api.w.org\/{rel}","templated":true}]}}

Stéfany Silva da Cruz

<p><strong>Crio conexões que geram solução! 🎯✨<br />
Atuando há 16 anos no comércio, minha experiência é voltada para gestão comercial e marketing com foco em entender as principais necessidades dos clientes, liderança de equipes, planejamento estratégico de vendas direto no PDV, desenvolvimento de campanhas promocionais, alta capacidade de relacionamento e boa comunicação.</strong></p>
<p><strong><a href="http://linkedin.com/in/stefany-cruz-46a8b2175">http://linkedin.com/in/stefany-cruz-46a8b2175</a></strong></p>

<p><strong>Especialidades: </strong>Autodesenvolvimento, Construção de metas e objetivos, Gestão de Pessoas, Gestão de tempo, Habilidades empreendedora, Planejamento estratégico, Plano de negócio, Vendas, Pitch<br />
<strong>Formação: </strong><span data-sheets-root="1">Pós-graduação/ MBA  </span></p>
<p><strong>Horas de mentorias: </strong>+<span data-sheets-root="1">300</span></p>
