{"id":456,"date":"2025-03-17T20:32:08","date_gmt":"2025-03-17T20:32:08","guid":{"rendered":"https:\/\/belabs.com.br\/?post_type=product&#038;p=456"},"modified":"2025-04-04T12:29:26","modified_gmt":"2025-04-04T12:29:26","slug":"tina-costa","status":"publish","type":"product","link":"https:\/\/belabs.com.br\/?product=tina-costa","title":{"rendered":"Tina Costa"},"content":{"rendered":"<p><strong>Palestrante, bacharel em administra\u00e7\u00e3o de empresas h\u00e1 20 anos. Atuou na \u00e1rea administrativa, financeira, operacional, gest\u00e3o e treinamento em empresas de m\u00e9dio porte como a Curriculum.com e Golden Technology.<br \/>\nNos \u00faltimos 20 anos, atuando como Gestora Social, \u00e9 respons\u00e1vel por mais de 200 a\u00e7\u00f5es sociais e impacto na vida de 21 mil pessoas.<br \/>\nSuperando um hist\u00f3rico de viol\u00eancia e abuso, construiu uma trajet\u00f3ria unindo sua experi\u00eancia no mundo corporativo e terceiro setor, que compartilha em palestras e workshops, auxiliando pessoas no processo de identifica\u00e7\u00e3o e ativa\u00e7\u00e3o de prop\u00f3sito de vida, entre outros processos de transforma\u00e7\u00e3o.<br \/>\n\u2022 CoFundadora e C.E.O da Ong Minist\u00e9rio das Escadas, gerindo mais de 1.500 volunt\u00e1rios<br \/>\n\u2022 Cofundadora do Projeto &#8220;Caf\u00e9 das Marias&#8221;, de preven\u00e7\u00e3o e combate a viol\u00eancia dom\u00e9stica;<br \/>\n\u2022 Cofundadora do pioneiro projeto de saberes &#8220;Unidiversidade das Kebradas&#8221;;<br \/>\n\u2022 Atuou como coordenadora do Instituto N.U.A &#8211; Nova Uni\u00e3o da Arte, um dos mais importantes agentes de transforma\u00e7\u00e3o da zona leste de SP<br \/>\n\u2022 Cofundadora do Instituto Cacimba de Responsabilidade Social<br \/>\n\u2022 Consultora em coordena\u00e7\u00e3o pedag\u00f3gica, gest\u00e3o de conflitos, comit\u00eas de impacto e projetos sociais;<br \/>\n\u2022 S\u00f3cia do REinvento, consultoria de projetos de vida e empreendedorismo<br \/>\n\u2022 Facilitadora de empreendedorismo do Sebrae-SP<br \/>\n\u2022 Facilitadora e mentora do Efeito Furac\u00e3o da Be.labs<\/strong><br \/>\n<strong><a href=\"https:\/\/www.linkedin.com\/in\/tina-costa-b21983191\/\">https:\/\/www.linkedin.com\/in\/tina-costa-b21983191\/<\/a><\/strong><\/p>\n","protected":false},"excerpt":{"rendered":"<p><strong>Especialidades: <\/strong>Autodesenvolvimento, Capta\u00e7\u00e3o de recursos, Constru\u00e7\u00e3o de metas e objetivos, Finan\u00e7as, Gest\u00e3o de Pessoas, Habilidades empreendedora, Pitch, Gest\u00e3o social<br \/>\n<strong>Forma\u00e7\u00e3o:\u00a0<\/strong><span data-sheets-root=\"1\">P\u00f3s-gradua\u00e7\u00e3o\/ MBA\u00a0 \u00a0\u00a0<\/span><\/p>\n<p><strong>Horas de mentorias:<\/strong> +<span data-sheets-root=\"1\">668<\/span><\/p>\n","protected":false},"featured_media":595,"comment_status":"open","ping_status":"closed","template":"","meta":[],"product_brand":[],"product_cat":[19],"product_tag":[47,31,32,26,29,50,46,30,25,28],"class_list":{"0":"post-456","1":"product","2":"type-product","3":"status-publish","4":"has-post-thumbnail","6":"product_cat-loja","7":"product_tag-autodesenvolvimento","8":"product_tag-captacao-de-recursos","9":"product_tag-construcao-de-metas-e-objetivos","10":"product_tag-financas","11":"product_tag-gestao-de-pessoas","12":"product_tag-gestao-de-tempo","13":"product_tag-habilidades-empreendedora","14":"product_tag-pitch","15":"product_tag-planejamento-estrategico","16":"product_tag-plano-de-negocio","18":"first","19":"instock","20":"downloadable","21":"virtual","22":"purchasable","23":"product-type-simple"},"_links":{"self":[{"href":"https:\/\/belabs.com.br\/index.php?rest_route=\/wp\/v2\/product\/456","targetHints":{"allow":["GET"]}}],"collection":[{"href":"https:\/\/belabs.com.br\/index.php?rest_route=\/wp\/v2\/product"}],"about":[{"href":"https:\/\/belabs.com.br\/index.php?rest_route=\/wp\/v2\/types\/product"}],"replies":[{"embeddable":true,"href":"https:\/\/belabs.com.br\/index.php?rest_route=%2Fwp%2Fv2%2Fcomments&post=456"}],"wp:featuredmedia":[{"embeddable":true,"href":"https:\/\/belabs.com.br\/index.php?rest_route=\/wp\/v2\/media\/595"}],"wp:attachment":[{"href":"https:\/\/belabs.com.br\/index.php?rest_route=%2Fwp%2Fv2%2Fmedia&parent=456"}],"wp:term":[{"taxonomy":"product_brand","embeddable":true,"href":"https:\/\/belabs.com.br\/index.php?rest_route=%2Fwp%2Fv2%2Fproduct_brand&post=456"},{"taxonomy":"product_cat","embeddable":true,"href":"https:\/\/belabs.com.br\/index.php?rest_route=%2Fwp%2Fv2%2Fproduct_cat&post=456"},{"taxonomy":"product_tag","embeddable":true,"href":"https:\/\/belabs.com.br\/index.php?rest_route=%2Fwp%2Fv2%2Fproduct_tag&post=456"}],"curies":[{"name":"wp","href":"https:\/\/api.w.org\/{rel}","templated":true}]}}

<p><strong>Palestrante, bacharel em administração de empresas há 20 anos. Atuou na área administrativa, financeira, operacional, gestão e treinamento em empresas de médio porte como a Curriculum.com e Golden Technology.<br />
Nos últimos 20 anos, atuando como Gestora Social, é responsável por mais de 200 ações sociais e impacto na vida de 21 mil pessoas.<br />
Superando um histórico de violência e abuso, construiu uma trajetória unindo sua experiência no mundo corporativo e terceiro setor, que compartilha em palestras e workshops, auxiliando pessoas no processo de identificação e ativação de propósito de vida, entre outros processos de transformação.<br />
• CoFundadora e C.E.O da Ong Ministério das Escadas, gerindo mais de 1.500 voluntários<br />
• Cofundadora do Projeto &#8220;Café das Marias&#8221;, de prevenção e combate a violência doméstica;<br />
• Cofundadora do pioneiro projeto de saberes &#8220;Unidiversidade das Kebradas&#8221;;<br />
• Atuou como coordenadora do Instituto N.U.A &#8211; Nova União da Arte, um dos mais importantes agentes de transformação da zona leste de SP<br />
• Cofundadora do Instituto Cacimba de Responsabilidade Social<br />
• Consultora em coordenação pedagógica, gestão de conflitos, comitês de impacto e projetos sociais;<br />
• Sócia do REinvento, consultoria de projetos de vida e empreendedorismo<br />
• Facilitadora de empreendedorismo do Sebrae-SP<br />
• Facilitadora e mentora do Efeito Furacão da Be.labs</strong><br />
<strong><a href="https://www.linkedin.com/in/tina-costa-b21983191/">https://www.linkedin.com/in/tina-costa-b21983191/</a></strong></p>

<p><strong>Especialidades: </strong>Autodesenvolvimento, Captação de recursos, Construção de metas e objetivos, Finanças, Gestão de Pessoas, Habilidades empreendedora, Pitch, Gestão social<br />
<strong>Formação: </strong><span data-sheets-root="1">Pós-graduação/ MBA    </span></p>
<p><strong>Horas de mentorias:</strong> +<span data-sheets-root="1">668</span></p>
