{"id":460,"date":"2025-03-17T20:34:19","date_gmt":"2025-03-17T20:34:19","guid":{"rendered":"https:\/\/belabs.com.br\/?post_type=product&#038;p=460"},"modified":"2025-04-04T12:29:08","modified_gmt":"2025-04-04T12:29:08","slug":"itaciara-albuquerque","status":"publish","type":"product","link":"https:\/\/belabs.com.br\/?product=itaciara-albuquerque","title":{"rendered":"Itaciara Albuquerque"},"content":{"rendered":"<p><strong>Itaciara Albuquerque \u00e9 especialista em Marketing Estrat\u00e9gico com mais de 14 anos de experi\u00eancia, atuando como mentora e facilitadora de marketing digital para mulheres empreendedoras. Formada em Marketing de Varejo, com MBA em Marketing Estrat\u00e9gico e Gest\u00e3o Empresarial, al\u00e9m de ser p\u00f3s-graduada em Marketing Digital, Itaciara ajuda neg\u00f3cios a alcan\u00e7arem resultados expressivos por meio de estrat\u00e9gias personalizadas, focadas em personas e no funil de vendas. Al\u00e9m de mentora, \u00e9 fot\u00f3grafa corporativa, utilizando sua expertise para conectar imagem e estrat\u00e9gia, impulsionando marcas a se destacarem nas redes sociais e no mercado\u00a0digital.<br \/>\n<a href=\"https:\/\/www.linkedin.com\/in\/itaciara-albuquerque-3931a869\/\">\u00a0https:\/\/www.linkedin.com\/in\/itaciara-albuquerque-3931a869\/<\/a><\/strong><\/p>\n","protected":false},"excerpt":{"rendered":"<p><strong>Especialidades: <\/strong>Jornada do cliente,\u00a0Marketing digital,\u00a0Planejamento de marketing,\u00a0Planejamento estrat\u00e9gico,\u00a0Plano de neg\u00f3cio, Vendas, Pitch<br \/>\n<strong>Forma\u00e7\u00e3o:\u00a0<\/strong><span data-sheets-root=\"1\">P\u00f3s-gradua\u00e7\u00e3o\/ MBA<\/span><br \/>\n<strong>Horas de mentorias: <\/strong>+<span data-sheets-root=\"1\">800<\/span><\/p>\n","protected":false},"featured_media":604,"comment_status":"open","ping_status":"closed","template":"","meta":[],"product_brand":[],"product_cat":[19],"product_tag":[39,37,30,36,25,28,27],"class_list":{"0":"post-460","1":"product","2":"type-product","3":"status-publish","4":"has-post-thumbnail","6":"product_cat-loja","7":"product_tag-jornada-do-cliente","8":"product_tag-marketing-digital","9":"product_tag-pitch","10":"product_tag-planejamento-de-marketing","11":"product_tag-planejamento-estrategico","12":"product_tag-plano-de-negocio","13":"product_tag-vendas","15":"first","16":"instock","17":"downloadable","18":"virtual","19":"purchasable","20":"product-type-simple"},"_links":{"self":[{"href":"https:\/\/belabs.com.br\/index.php?rest_route=\/wp\/v2\/product\/460","targetHints":{"allow":["GET"]}}],"collection":[{"href":"https:\/\/belabs.com.br\/index.php?rest_route=\/wp\/v2\/product"}],"about":[{"href":"https:\/\/belabs.com.br\/index.php?rest_route=\/wp\/v2\/types\/product"}],"replies":[{"embeddable":true,"href":"https:\/\/belabs.com.br\/index.php?rest_route=%2Fwp%2Fv2%2Fcomments&post=460"}],"wp:featuredmedia":[{"embeddable":true,"href":"https:\/\/belabs.com.br\/index.php?rest_route=\/wp\/v2\/media\/604"}],"wp:attachment":[{"href":"https:\/\/belabs.com.br\/index.php?rest_route=%2Fwp%2Fv2%2Fmedia&parent=460"}],"wp:term":[{"taxonomy":"product_brand","embeddable":true,"href":"https:\/\/belabs.com.br\/index.php?rest_route=%2Fwp%2Fv2%2Fproduct_brand&post=460"},{"taxonomy":"product_cat","embeddable":true,"href":"https:\/\/belabs.com.br\/index.php?rest_route=%2Fwp%2Fv2%2Fproduct_cat&post=460"},{"taxonomy":"product_tag","embeddable":true,"href":"https:\/\/belabs.com.br\/index.php?rest_route=%2Fwp%2Fv2%2Fproduct_tag&post=460"}],"curies":[{"name":"wp","href":"https:\/\/api.w.org\/{rel}","templated":true}]}}

<p><strong>Itaciara Albuquerque é especialista em Marketing Estratégico com mais de 14 anos de experiência, atuando como mentora e facilitadora de marketing digital para mulheres empreendedoras. Formada em Marketing de Varejo, com MBA em Marketing Estratégico e Gestão Empresarial, além de ser pós-graduada em Marketing Digital, Itaciara ajuda negócios a alcançarem resultados expressivos por meio de estratégias personalizadas, focadas em personas e no funil de vendas. Além de mentora, é fotógrafa corporativa, utilizando sua expertise para conectar imagem e estratégia, impulsionando marcas a se destacarem nas redes sociais e no mercado digital.<br />
<a href="https://www.linkedin.com/in/itaciara-albuquerque-3931a869/"> https://www.linkedin.com/in/itaciara-albuquerque-3931a869/</a></strong></p>

<p><strong>Especialidades: </strong>Jornada do cliente, Marketing digital, Planejamento de marketing, Planejamento estratégico, Plano de negócio, Vendas, Pitch<br />
<strong>Formação: </strong><span data-sheets-root="1">Pós-graduação/ MBA</span><br />
<strong>Horas de mentorias: </strong>+<span data-sheets-root="1">800</span></p>
