{"id":464,"date":"2025-03-17T20:35:48","date_gmt":"2025-03-17T20:35:48","guid":{"rendered":"https:\/\/belabs.com.br\/?post_type=product&#038;p=464"},"modified":"2025-05-09T02:50:25","modified_gmt":"2025-05-09T02:50:25","slug":"marina-lundgren","status":"publish","type":"product","link":"https:\/\/belabs.com.br\/?product=marina-lundgren","title":{"rendered":"Marina Lundgren de Almeida Magalh\u00e3es"},"content":{"rendered":"<p><strong>Designer estrat\u00e9gica com mestrado em empreendedorismo e neg\u00f3cios h\u00e1 mais de 10 anos internacionalmente ajudando empreendedores e organiza\u00e7\u00f5es a criar produtos e servi\u00e7os de impacto positivo. Extensa experi\u00eancia na ind\u00fastria criativa, trabalhando em todo o ciclo de inova\u00e7\u00e3o digital, da estret\u00e9gia \u00e0 pr\u00e1tica, desde a pesquisa com usu\u00e1rios \u00e0 execu\u00e7\u00e3o de MVPs e solu\u00e7\u00f5es digitais para \u00e1reas como educa\u00e7\u00e3o, sa\u00fade e ind\u00fastria. Al\u00e9m disso, experi\u00eancia empreendedora liderando iniciativas tecnol\u00f3gicas e sociais assim como mentorando mulheres empreendedoras pelo Brasil.<br \/>\n<a href=\"https:\/\/www.linkedin.com\/in\/marinalundgren\/\">https:\/\/www.linkedin.com\/in\/marinalundgren\/<\/a><\/strong><\/p>\n","protected":false},"excerpt":{"rendered":"<p><strong>Especialidades: <\/strong>Autodesenvolvimento, Branding, Constru\u00e7\u00e3o de metas e objetivos, Design, ESG, Habilidades empreendedora, Idea\u00e7\u00e3o, Jornada do cliente, Marca pessoal, Pesquisa de mercado, Pitch, MVP<br \/>\n<strong>Forma\u00e7\u00e3o:\u00a0<\/strong><span data-sheets-root=\"1\">Mestrado<\/span><br \/>\n<strong>Horas de mentorias:<\/strong> <span data-sheets-root=\"1\">+500<\/span><\/p>\n","protected":false},"featured_media":597,"comment_status":"open","ping_status":"closed","template":"","meta":[],"product_brand":[],"product_cat":[19],"product_tag":[47,38,32,52,33,46,54,39,44,55,53,30],"class_list":{"0":"post-464","1":"product","2":"type-product","3":"status-publish","4":"has-post-thumbnail","6":"product_cat-loja","7":"product_tag-autodesenvolvimento","8":"product_tag-branding","9":"product_tag-construcao-de-metas-e-objetivos","10":"product_tag-design","11":"product_tag-esg","12":"product_tag-habilidades-empreendedora","13":"product_tag-ideacao","14":"product_tag-jornada-do-cliente","15":"product_tag-marca-pessoal","16":"product_tag-mvp","17":"product_tag-pesquisa-de-mercado","18":"product_tag-pitch","20":"first","21":"instock","22":"downloadable","23":"virtual","24":"purchasable","25":"product-type-simple"},"_links":{"self":[{"href":"https:\/\/belabs.com.br\/index.php?rest_route=\/wp\/v2\/product\/464","targetHints":{"allow":["GET"]}}],"collection":[{"href":"https:\/\/belabs.com.br\/index.php?rest_route=\/wp\/v2\/product"}],"about":[{"href":"https:\/\/belabs.com.br\/index.php?rest_route=\/wp\/v2\/types\/product"}],"replies":[{"embeddable":true,"href":"https:\/\/belabs.com.br\/index.php?rest_route=%2Fwp%2Fv2%2Fcomments&post=464"}],"wp:featuredmedia":[{"embeddable":true,"href":"https:\/\/belabs.com.br\/index.php?rest_route=\/wp\/v2\/media\/597"}],"wp:attachment":[{"href":"https:\/\/belabs.com.br\/index.php?rest_route=%2Fwp%2Fv2%2Fmedia&parent=464"}],"wp:term":[{"taxonomy":"product_brand","embeddable":true,"href":"https:\/\/belabs.com.br\/index.php?rest_route=%2Fwp%2Fv2%2Fproduct_brand&post=464"},{"taxonomy":"product_cat","embeddable":true,"href":"https:\/\/belabs.com.br\/index.php?rest_route=%2Fwp%2Fv2%2Fproduct_cat&post=464"},{"taxonomy":"product_tag","embeddable":true,"href":"https:\/\/belabs.com.br\/index.php?rest_route=%2Fwp%2Fv2%2Fproduct_tag&post=464"}],"curies":[{"name":"wp","href":"https:\/\/api.w.org\/{rel}","templated":true}]}}

Marina Lundgren de Almeida Magalhães

<p><strong>Designer estratégica com mestrado em empreendedorismo e negócios há mais de 10 anos internacionalmente ajudando empreendedores e organizações a criar produtos e serviços de impacto positivo. Extensa experiência na indústria criativa, trabalhando em todo o ciclo de inovação digital, da estretégia à prática, desde a pesquisa com usuários à execução de MVPs e soluções digitais para áreas como educação, saúde e indústria. Além disso, experiência empreendedora liderando iniciativas tecnológicas e sociais assim como mentorando mulheres empreendedoras pelo Brasil.<br />
<a href="https://www.linkedin.com/in/marinalundgren/">https://www.linkedin.com/in/marinalundgren/</a></strong></p>

<p><strong>Especialidades: </strong>Autodesenvolvimento, Branding, Construção de metas e objetivos, Design, ESG, Habilidades empreendedora, Ideação, Jornada do cliente, Marca pessoal, Pesquisa de mercado, Pitch, MVP<br />
<strong>Formação: </strong><span data-sheets-root="1">Mestrado</span><br />
<strong>Horas de mentorias:</strong> <span data-sheets-root="1">+500</span></p>
