{"id":466,"date":"2025-03-17T20:38:37","date_gmt":"2025-03-17T20:38:37","guid":{"rendered":"https:\/\/belabs.com.br\/?post_type=product&#038;p=466"},"modified":"2025-07-08T18:05:48","modified_gmt":"2025-07-08T18:05:48","slug":"lorena-franca","status":"publish","type":"product","link":"https:\/\/belabs.com.br\/?product=lorena-franca","title":{"rendered":"Lorena Fran\u00e7a"},"content":{"rendered":"<p><strong>Lorena possui especializa\u00e7\u00e3o em Gest\u00e3o de Projetos pela USP, com estudo sobre &#8220;Otimiza\u00e7\u00e3o da performance de confeitarias em datas comemorativas&#8221;. Com experi\u00eancia pr\u00e1tica no empreendedorismo, atuou na \u00e1rea de confeitaria durante tr\u00eas anos.<br \/>\nAtua como facilitadora e mentora de neg\u00f3cios, auxiliando empreendedoras em planejamento estrat\u00e9gico, marketing digital, e-commerce, vendas, expans\u00e3o de mercado e an\u00e1lise de dados. Al\u00e9m disso, possui experi\u00eancia em gest\u00e3o de tempo e jornada do cliente.<\/strong><br \/>\n<strong><a href=\"https:\/\/www.linkedin.com\/in\/lorenafranca\/\">https:\/\/www.linkedin.com\/in\/lorenafranca\/<\/a><\/strong><\/p>\n","protected":false},"excerpt":{"rendered":"<p><strong>Especialidades:<\/strong>Autodesenvolvimento,\u00a0Constru\u00e7\u00e3o de metas e objetivos,\u00a0E-commerce,\u00a0Gest\u00e3o de tempo, Habilidades empreendedora,\u00a0Jornada do cliente,\u00a0Marketing digital,\u00a0Pitch,\u00a0Planejamento de marketing,\u00a0Planejamento estrat\u00e9gico,\u00a0Plano de neg\u00f3cio, Vendas<br \/>\n<strong>Forma\u00e7\u00e3o:\u00a0<\/strong><span data-sheets-root=\"1\">P\u00f3s-gradua\u00e7\u00e3o\/ MBA<\/span><br \/>\n<strong>Horas de mentorias:<\/strong> +<span data-sheets-root=\"1\">165<\/span><\/p>\n","protected":false},"featured_media":600,"comment_status":"open","ping_status":"closed","template":"","meta":[],"product_brand":[],"product_cat":[19],"product_tag":[47,32,56,50,57,46,39,37,30,36,25,28,27,34],"class_list":{"0":"post-466","1":"product","2":"type-product","3":"status-publish","4":"has-post-thumbnail","6":"product_cat-loja","7":"product_tag-autodesenvolvimento","8":"product_tag-construcao-de-metas-e-objetivos","9":"product_tag-ecommerce","10":"product_tag-gestao-de-tempo","11":"product_tag-gestao-em-datas-comemorativas","12":"product_tag-habilidades-empreendedora","13":"product_tag-jornada-do-cliente","14":"product_tag-marketing-digital","15":"product_tag-pitch","16":"product_tag-planejamento-de-marketing","17":"product_tag-planejamento-estrategico","18":"product_tag-plano-de-negocio","19":"product_tag-vendas","20":"product_tag-vendas-b2b","22":"first","23":"instock","24":"downloadable","25":"virtual","26":"purchasable","27":"product-type-simple"},"_links":{"self":[{"href":"https:\/\/belabs.com.br\/index.php?rest_route=\/wp\/v2\/product\/466","targetHints":{"allow":["GET"]}}],"collection":[{"href":"https:\/\/belabs.com.br\/index.php?rest_route=\/wp\/v2\/product"}],"about":[{"href":"https:\/\/belabs.com.br\/index.php?rest_route=\/wp\/v2\/types\/product"}],"replies":[{"embeddable":true,"href":"https:\/\/belabs.com.br\/index.php?rest_route=%2Fwp%2Fv2%2Fcomments&post=466"}],"wp:featuredmedia":[{"embeddable":true,"href":"https:\/\/belabs.com.br\/index.php?rest_route=\/wp\/v2\/media\/600"}],"wp:attachment":[{"href":"https:\/\/belabs.com.br\/index.php?rest_route=%2Fwp%2Fv2%2Fmedia&parent=466"}],"wp:term":[{"taxonomy":"product_brand","embeddable":true,"href":"https:\/\/belabs.com.br\/index.php?rest_route=%2Fwp%2Fv2%2Fproduct_brand&post=466"},{"taxonomy":"product_cat","embeddable":true,"href":"https:\/\/belabs.com.br\/index.php?rest_route=%2Fwp%2Fv2%2Fproduct_cat&post=466"},{"taxonomy":"product_tag","embeddable":true,"href":"https:\/\/belabs.com.br\/index.php?rest_route=%2Fwp%2Fv2%2Fproduct_tag&post=466"}],"curies":[{"name":"wp","href":"https:\/\/api.w.org\/{rel}","templated":true}]}}

Lorena França

<p><strong>Lorena possui especialização em Gestão de Projetos pela USP, com estudo sobre &#8220;Otimização da performance de confeitarias em datas comemorativas&#8221;. Com experiência prática no empreendedorismo, atuou na área de confeitaria durante três anos.<br />
Atua como facilitadora e mentora de negócios, auxiliando empreendedoras em planejamento estratégico, marketing digital, e-commerce, vendas, expansão de mercado e análise de dados. Além disso, possui experiência em gestão de tempo e jornada do cliente.</strong><br />
<strong><a href="https://www.linkedin.com/in/lorenafranca/">https://www.linkedin.com/in/lorenafranca/</a></strong></p>

<p><strong>Especialidades:</strong>Autodesenvolvimento, Construção de metas e objetivos, E-commerce, Gestão de tempo, Habilidades empreendedora, Jornada do cliente, Marketing digital, Pitch, Planejamento de marketing, Planejamento estratégico, Plano de negócio, Vendas<br />
<strong>Formação: </strong><span data-sheets-root="1">Pós-graduação/ MBA</span><br />
<strong>Horas de mentorias:</strong> +<span data-sheets-root="1">165</span></p>
