{"id":468,"date":"2025-03-17T20:40:05","date_gmt":"2025-03-17T20:40:05","guid":{"rendered":"https:\/\/belabs.com.br\/?post_type=product&#038;p=468"},"modified":"2025-04-04T12:28:03","modified_gmt":"2025-04-04T12:28:03","slug":"moema-mesquita","status":"publish","type":"product","link":"https:\/\/belabs.com.br\/?product=moema-mesquita","title":{"rendered":"Moema Mesquita da Silva Braga"},"content":{"rendered":"<p><strong>Consultoria de Branding Digital. Publicit\u00e1ria com ampla atua\u00e7\u00e3o em coordena\u00e7\u00e3o de projetos de comunica\u00e7\u00e3o e design pela Ag\u00eancia Brado. Experi\u00eancia em gerenciamento de processos criativos utilizando o m\u00e9todo de Design Thinking. Escrita fluida e criativa voltada para projetos de comunica\u00e7\u00e3o e design. Experi\u00eancia em pesquisa qualitativa com artigos e disserta\u00e7\u00e3o publicados pela UFC e em eventos acad\u00eamicos.<\/strong><\/p>\n<p><strong>Coordenadora do MBA de Comunica\u00e7\u00e3o Estrat\u00e9gica Digital, Formada pela Escola TERA em UX Design, Mestre em Comunica\u00e7\u00e3o Social pela Universidade Federal do Cear\u00e1 (UFC), Graduada em Publicidade e Propaganda pela Universidade de Fortaleza ( Unifor).<\/strong><\/p>\n<p><strong>Mais de 15 anos de experi\u00eancia em salas de aula do ensino superior ministrando disciplinas relacionadas a Cria\u00e7\u00e3o e Design.<\/strong><\/p>\n<p><strong><a href=\"https:\/\/www.linkedin.com\/in\/moema-braga-03355411a\/\">https:\/\/www.linkedin.com\/in\/moema-braga-03355411a\/<\/a><\/strong><\/p>\n","protected":false},"excerpt":{"rendered":"<p><strong>Especialidades:<\/strong> <span data-sheets-root=\"1\">Branding,\u00a0Constru\u00e7\u00e3o de metas e objetivos,\u00a0Jornada do cliente,\u00a0Marketing digital,\u00a0Planejamento de marketing, Plano de neg\u00f3cio, Planejamento estrat\u00e9gico<\/span><br \/>\n<strong>Forma\u00e7\u00e3o:<\/strong> <span data-sheets-root=\"1\">Mestrado<\/span><br \/>\n<strong>Horas de mentorias:<\/strong> +<span data-sheets-root=\"1\">50<\/span><\/p>\n","protected":false},"featured_media":615,"comment_status":"open","ping_status":"closed","template":"","meta":[],"product_brand":[],"product_cat":[19],"product_tag":[38,32,39,37,36,25,28],"class_list":{"0":"post-468","1":"product","2":"type-product","3":"status-publish","4":"has-post-thumbnail","6":"product_cat-loja","7":"product_tag-branding","8":"product_tag-construcao-de-metas-e-objetivos","9":"product_tag-jornada-do-cliente","10":"product_tag-marketing-digital","11":"product_tag-planejamento-de-marketing","12":"product_tag-planejamento-estrategico","13":"product_tag-plano-de-negocio","15":"first","16":"instock","17":"downloadable","18":"virtual","19":"purchasable","20":"product-type-simple"},"_links":{"self":[{"href":"https:\/\/belabs.com.br\/index.php?rest_route=\/wp\/v2\/product\/468","targetHints":{"allow":["GET"]}}],"collection":[{"href":"https:\/\/belabs.com.br\/index.php?rest_route=\/wp\/v2\/product"}],"about":[{"href":"https:\/\/belabs.com.br\/index.php?rest_route=\/wp\/v2\/types\/product"}],"replies":[{"embeddable":true,"href":"https:\/\/belabs.com.br\/index.php?rest_route=%2Fwp%2Fv2%2Fcomments&post=468"}],"wp:featuredmedia":[{"embeddable":true,"href":"https:\/\/belabs.com.br\/index.php?rest_route=\/wp\/v2\/media\/615"}],"wp:attachment":[{"href":"https:\/\/belabs.com.br\/index.php?rest_route=%2Fwp%2Fv2%2Fmedia&parent=468"}],"wp:term":[{"taxonomy":"product_brand","embeddable":true,"href":"https:\/\/belabs.com.br\/index.php?rest_route=%2Fwp%2Fv2%2Fproduct_brand&post=468"},{"taxonomy":"product_cat","embeddable":true,"href":"https:\/\/belabs.com.br\/index.php?rest_route=%2Fwp%2Fv2%2Fproduct_cat&post=468"},{"taxonomy":"product_tag","embeddable":true,"href":"https:\/\/belabs.com.br\/index.php?rest_route=%2Fwp%2Fv2%2Fproduct_tag&post=468"}],"curies":[{"name":"wp","href":"https:\/\/api.w.org\/{rel}","templated":true}]}}

<p><strong>Consultoria de Branding Digital. Publicitária com ampla atuação em coordenação de projetos de comunicação e design pela Agência Brado. Experiência em gerenciamento de processos criativos utilizando o método de Design Thinking. Escrita fluida e criativa voltada para projetos de comunicação e design. Experiência em pesquisa qualitativa com artigos e dissertação publicados pela UFC e em eventos acadêmicos.</strong></p>
<p><strong>Coordenadora do MBA de Comunicação Estratégica Digital, Formada pela Escola TERA em UX Design, Mestre em Comunicação Social pela Universidade Federal do Ceará (UFC), Graduada em Publicidade e Propaganda pela Universidade de Fortaleza ( Unifor).</strong></p>
<p><strong>Mais de 15 anos de experiência em salas de aula do ensino superior ministrando disciplinas relacionadas a Criação e Design.</strong></p>
<p><strong><a href="https://www.linkedin.com/in/moema-braga-03355411a/">https://www.linkedin.com/in/moema-braga-03355411a/</a></strong></p>

<p><strong>Especialidades:</strong> <span data-sheets-root="1">Branding, Construção de metas e objetivos, Jornada do cliente, Marketing digital, Planejamento de marketing, Plano de negócio, Planejamento estratégico</span><br />
<strong>Formação:</strong> <span data-sheets-root="1">Mestrado</span><br />
<strong>Horas de mentorias:</strong> +<span data-sheets-root="1">50</span></p>
