{"id":473,"date":"2025-03-17T20:42:26","date_gmt":"2025-03-17T20:42:26","guid":{"rendered":"https:\/\/belabs.com.br\/?post_type=product&#038;p=473"},"modified":"2025-03-27T13:08:53","modified_gmt":"2025-03-27T13:08:53","slug":"dalila-gomes","status":"publish","type":"product","link":"https:\/\/belabs.com.br\/?product=dalila-gomes","title":{"rendered":"Dalila Gomes da Silva"},"content":{"rendered":"<p><strong>Empreendedora no mercado de Moda. \u00c9 Design de Acess\u00f3rios e especialista em Moda e Mercado. Mentora de mulheres empreendedoras e professora de t\u00e9cnicas manuais e artesanais. Desenvolve a pesquisa &#8220;Influ\u00eancia dos fatores afetivos na aprendizagem&#8221;, visando compreender como as emo\u00e7\u00f5es interferem no processo de aprendizagem dos sujeitos.<br \/>\n<a href=\"https:\/\/www.linkedin.com\/in\/dalila-gomes-345095289?trk=contact-info\">https:\/\/www.linkedin.com\/in\/dalila-gomes-345095289?trk=contact-info<\/a><\/strong><\/p>\n","protected":false},"excerpt":{"rendered":"<p><strong>Especialidades: Autodesenvolvimento, Desenvolvimento de compet\u00eancias socioemocionais, Gest\u00e3o de tempo, Habilidades empreendedora, Pitch,\u00a0 Precifica\u00e7\u00e3o, Vendas<\/strong><br \/>\n<strong>Forma\u00e7\u00e3o:\u00a0<\/strong><span data-sheets-root=\"1\">P\u00f3s-gradua\u00e7\u00e3o\/ MBA<\/span><br \/>\n<strong>Horas de mentorias:<\/strong> +<span data-sheets-root=\"1\">300<\/span><\/p>\n","protected":false},"featured_media":606,"comment_status":"open","ping_status":"closed","template":"","meta":[],"product_brand":[],"product_cat":[19],"product_tag":[47,59,29,50,46,30,36,25,28,45,27],"class_list":{"0":"post-473","1":"product","2":"type-product","3":"status-publish","4":"has-post-thumbnail","6":"product_cat-loja","7":"product_tag-autodesenvolvimento","8":"product_tag-desenvolvimento-de-competencias-socioemocionais","9":"product_tag-gestao-de-pessoas","10":"product_tag-gestao-de-tempo","11":"product_tag-habilidades-empreendedora","12":"product_tag-pitch","13":"product_tag-planejamento-de-marketing","14":"product_tag-planejamento-estrategico","15":"product_tag-plano-de-negocio","16":"product_tag-precificacao","17":"product_tag-vendas","19":"first","20":"instock","21":"downloadable","22":"virtual","23":"purchasable","24":"product-type-simple"},"_links":{"self":[{"href":"https:\/\/belabs.com.br\/index.php?rest_route=\/wp\/v2\/product\/473","targetHints":{"allow":["GET"]}}],"collection":[{"href":"https:\/\/belabs.com.br\/index.php?rest_route=\/wp\/v2\/product"}],"about":[{"href":"https:\/\/belabs.com.br\/index.php?rest_route=\/wp\/v2\/types\/product"}],"replies":[{"embeddable":true,"href":"https:\/\/belabs.com.br\/index.php?rest_route=%2Fwp%2Fv2%2Fcomments&post=473"}],"wp:featuredmedia":[{"embeddable":true,"href":"https:\/\/belabs.com.br\/index.php?rest_route=\/wp\/v2\/media\/606"}],"wp:attachment":[{"href":"https:\/\/belabs.com.br\/index.php?rest_route=%2Fwp%2Fv2%2Fmedia&parent=473"}],"wp:term":[{"taxonomy":"product_brand","embeddable":true,"href":"https:\/\/belabs.com.br\/index.php?rest_route=%2Fwp%2Fv2%2Fproduct_brand&post=473"},{"taxonomy":"product_cat","embeddable":true,"href":"https:\/\/belabs.com.br\/index.php?rest_route=%2Fwp%2Fv2%2Fproduct_cat&post=473"},{"taxonomy":"product_tag","embeddable":true,"href":"https:\/\/belabs.com.br\/index.php?rest_route=%2Fwp%2Fv2%2Fproduct_tag&post=473"}],"curies":[{"name":"wp","href":"https:\/\/api.w.org\/{rel}","templated":true}]}}

<p><strong>Empreendedora no mercado de Moda. É Design de Acessórios e especialista em Moda e Mercado. Mentora de mulheres empreendedoras e professora de técnicas manuais e artesanais. Desenvolve a pesquisa &#8220;Influência dos fatores afetivos na aprendizagem&#8221;, visando compreender como as emoções interferem no processo de aprendizagem dos sujeitos.<br />
<a href="https://www.linkedin.com/in/dalila-gomes-345095289?trk=contact-info">https://www.linkedin.com/in/dalila-gomes-345095289?trk=contact-info</a></strong></p>

<p><strong>Especialidades: Autodesenvolvimento, Desenvolvimento de competências socioemocionais, Gestão de tempo, Habilidades empreendedora, Pitch,  Precificação, Vendas</strong><br />
<strong>Formação: </strong><span data-sheets-root="1">Pós-graduação/ MBA</span><br />
<strong>Horas de mentorias:</strong> +<span data-sheets-root="1">300</span></p>
