{"id":476,"date":"2025-03-17T20:48:27","date_gmt":"2025-03-17T20:48:27","guid":{"rendered":"https:\/\/belabs.com.br\/?post_type=product&#038;p=476"},"modified":"2026-04-24T00:09:33","modified_gmt":"2026-04-24T00:09:33","slug":"gizelle-reis","status":"publish","type":"product","link":"https:\/\/belabs.com.br\/?product=gizelle-reis","title":{"rendered":"Gizelle Reis"},"content":{"rendered":"<p><strong>Gizelle Reis \u00e9 publicit\u00e1ria, estrategista de marketing e entusiasta do papel social dos neg\u00f3cios. Especialista em Marketing e Gest\u00e3o de Pequenas e M\u00e9dias Empresas, tem mais de 15 anos de experi\u00eancia em marketing e comunica\u00e7\u00e3o em empresas como Sistema Verdes Mares (afiliada Globo no Cear\u00e1), Senac e Gocase.<\/strong><\/p>\n<p><strong>Atua como estrategista na Somos Um &#8211; articuladora de impacto e na Be.Labs &#8211; aceleradora de neg\u00f3cios. Tamb\u00e9m atua como facilitadora e mentora no programa Efeito Furac\u00e3o da\u00a0Be.Labs Aceleradora de Neg\u00f3cios e professora na Digital College.<\/strong><\/p>\n<p><strong>Acredita que neg\u00f3cios s\u00e3o sobre pessoas e, com esse olhar, suas \u00e1reas de atua\u00e7\u00e3o s\u00e3o em gest\u00e3o, planejamento estrat\u00e9gico, empreendedorismo, marketing, comunica\u00e7\u00e3o estrat\u00e9gica e neg\u00f3cios de impacto.<\/strong><\/p>\n<p><strong><a href=\"https:\/\/www.linkedin.com\/in\/gizellereis\/\">https:\/\/www.linkedin.com\/in\/gizellereis\/<\/a><\/strong><\/p>\n","protected":false},"excerpt":{"rendered":"<p><strong>Especialidades:<\/strong> Branding, ESG, Marketing digital, Planejamento de marketing, Planejamento estrat\u00e9gico, Plano de neg\u00f3cio<br \/>\n<strong>Forma\u00e7\u00e3o:\u00a0<\/strong><span data-sheets-root=\"1\">P\u00f3s-gradua\u00e7\u00e3o\/ MBA<\/span><br \/>\n<strong>Horas de mentorias:<\/strong> +<span data-sheets-root=\"1\">550<\/span><\/p>\n","protected":false},"featured_media":605,"comment_status":"open","ping_status":"closed","template":"","meta":[],"product_brand":[],"product_cat":[19],"product_tag":[38,33,46,37,36,25,28],"class_list":{"0":"post-476","1":"product","2":"type-product","3":"status-publish","4":"has-post-thumbnail","6":"product_cat-loja","7":"product_tag-branding","8":"product_tag-esg","9":"product_tag-habilidades-empreendedora","10":"product_tag-marketing-digital","11":"product_tag-planejamento-de-marketing","12":"product_tag-planejamento-estrategico","13":"product_tag-plano-de-negocio","15":"first","16":"instock","17":"downloadable","18":"virtual","19":"purchasable","20":"product-type-simple"},"_links":{"self":[{"href":"https:\/\/belabs.com.br\/index.php?rest_route=\/wp\/v2\/product\/476","targetHints":{"allow":["GET"]}}],"collection":[{"href":"https:\/\/belabs.com.br\/index.php?rest_route=\/wp\/v2\/product"}],"about":[{"href":"https:\/\/belabs.com.br\/index.php?rest_route=\/wp\/v2\/types\/product"}],"replies":[{"embeddable":true,"href":"https:\/\/belabs.com.br\/index.php?rest_route=%2Fwp%2Fv2%2Fcomments&post=476"}],"wp:featuredmedia":[{"embeddable":true,"href":"https:\/\/belabs.com.br\/index.php?rest_route=\/wp\/v2\/media\/605"}],"wp:attachment":[{"href":"https:\/\/belabs.com.br\/index.php?rest_route=%2Fwp%2Fv2%2Fmedia&parent=476"}],"wp:term":[{"taxonomy":"product_brand","embeddable":true,"href":"https:\/\/belabs.com.br\/index.php?rest_route=%2Fwp%2Fv2%2Fproduct_brand&post=476"},{"taxonomy":"product_cat","embeddable":true,"href":"https:\/\/belabs.com.br\/index.php?rest_route=%2Fwp%2Fv2%2Fproduct_cat&post=476"},{"taxonomy":"product_tag","embeddable":true,"href":"https:\/\/belabs.com.br\/index.php?rest_route=%2Fwp%2Fv2%2Fproduct_tag&post=476"}],"curies":[{"name":"wp","href":"https:\/\/api.w.org\/{rel}","templated":true}]}}

<p><strong>Gizelle Reis é publicitária, estrategista de marketing e entusiasta do papel social dos negócios. Especialista em Marketing e Gestão de Pequenas e Médias Empresas, tem mais de 15 anos de experiência em marketing e comunicação em empresas como Sistema Verdes Mares (afiliada Globo no Ceará), Senac e Gocase.</strong></p>
<p><strong>Atua como estrategista na Somos Um &#8211; articuladora de impacto e na Be.Labs &#8211; aceleradora de negócios. Também atua como facilitadora e mentora no programa Efeito Furacão da Be.Labs Aceleradora de Negócios e professora na Digital College.</strong></p>
<p><strong>Acredita que negócios são sobre pessoas e, com esse olhar, suas áreas de atuação são em gestão, planejamento estratégico, empreendedorismo, marketing, comunicação estratégica e negócios de impacto.</strong></p>
<p><strong><a href="https://www.linkedin.com/in/gizellereis/">https://www.linkedin.com/in/gizellereis/</a></strong></p>

<p><strong>Especialidades:</strong> Branding, ESG, Marketing digital, Planejamento de marketing, Planejamento estratégico, Plano de negócio<br />
<strong>Formação: </strong><span data-sheets-root="1">Pós-graduação/ MBA</span><br />
<strong>Horas de mentorias:</strong> +<span data-sheets-root="1">550</span></p>
