{"id":957,"date":"2025-06-03T13:36:06","date_gmt":"2025-06-03T13:36:06","guid":{"rendered":"https:\/\/belabs.com.br\/?post_type=product&#038;p=957"},"modified":"2025-06-03T13:36:11","modified_gmt":"2025-06-03T13:36:11","slug":"deuzemar-ferreira","status":"publish","type":"product","link":"https:\/\/belabs.com.br\/?product=deuzemar-ferreira","title":{"rendered":"Deuzemar Ferreira"},"content":{"rendered":"<p>Educadora financeira com especializa\u00e7\u00e3o em Finan\u00e7as Comportamentais e Neuroci\u00eancia do Comportamento. Atuo como facilitadora, mentora e instrutora em projetos, cursos e atendimentos voltados \u00e0 educa\u00e7\u00e3o financeira e empreendedorismo, com foco em comportamento, tomada de decis\u00e3o e desenvolvimento de uma rela\u00e7\u00e3o saud\u00e1vel com o dinheiro.<\/p>\n","protected":false},"excerpt":{"rendered":"<p><strong>Especialidades:<\/strong> Constru\u00e7\u00e3o de metas e objetivos, Habilidades empreendedora, Planejamento estrat\u00e9gico, Plano de neg\u00f3cio, Gerenciamento financeiro<br \/>\n<strong>Forma\u00e7\u00e3o:<\/strong>\u00a0<span data-sheets-root=\"1\">P\u00f3s-gradua\u00e7\u00e3o<\/span><br \/>\n<strong>Horas de mentorias:<\/strong> +50<span data-sheets-root=\"1\">\u00a0horas<\/span><\/p>\n","protected":false},"featured_media":959,"comment_status":"open","ping_status":"closed","template":"","meta":[],"product_brand":[],"product_cat":[15],"product_tag":[],"class_list":{"0":"post-957","1":"product","2":"type-product","3":"status-publish","4":"has-post-thumbnail","6":"product_cat-uncategorized","8":"first","9":"instock","10":"downloadable","11":"virtual","12":"purchasable","13":"product-type-simple"},"_links":{"self":[{"href":"https:\/\/belabs.com.br\/index.php?rest_route=\/wp\/v2\/product\/957","targetHints":{"allow":["GET"]}}],"collection":[{"href":"https:\/\/belabs.com.br\/index.php?rest_route=\/wp\/v2\/product"}],"about":[{"href":"https:\/\/belabs.com.br\/index.php?rest_route=\/wp\/v2\/types\/product"}],"replies":[{"embeddable":true,"href":"https:\/\/belabs.com.br\/index.php?rest_route=%2Fwp%2Fv2%2Fcomments&post=957"}],"wp:featuredmedia":[{"embeddable":true,"href":"https:\/\/belabs.com.br\/index.php?rest_route=\/wp\/v2\/media\/959"}],"wp:attachment":[{"href":"https:\/\/belabs.com.br\/index.php?rest_route=%2Fwp%2Fv2%2Fmedia&parent=957"}],"wp:term":[{"taxonomy":"product_brand","embeddable":true,"href":"https:\/\/belabs.com.br\/index.php?rest_route=%2Fwp%2Fv2%2Fproduct_brand&post=957"},{"taxonomy":"product_cat","embeddable":true,"href":"https:\/\/belabs.com.br\/index.php?rest_route=%2Fwp%2Fv2%2Fproduct_cat&post=957"},{"taxonomy":"product_tag","embeddable":true,"href":"https:\/\/belabs.com.br\/index.php?rest_route=%2Fwp%2Fv2%2Fproduct_tag&post=957"}],"curies":[{"name":"wp","href":"https:\/\/api.w.org\/{rel}","templated":true}]}}